digit of 2951827721?
7
What is the hundreds digit of 65099762?
7
What is the units digit of 320252280?
0
What is the ten thousands digit of 136280384?
8
What is the ten thousands digit of 59585582?
8
What is the millions digit of 65505984?
5
What is the hundred millions digit of 364037742?
3
What is the hundreds digit of 4266808?
8
What is the units digit of 59021670?
0
What is the tens digit of 440142473?
7
What is the units digit of 30720586?
6
What is the millions digit of 475061809?
5
What is the thousands digit of 28584185?
4
What is the units digit of 1401853579?
9
What is the tens digit of 28053808?
0
What is the millions digit of 25315304?
5
What is the hundred millions digit of 238893558?
2
What is the thousands digit of 273654367?
4
What is the ten millions digit of 59432662?
5
What is the hundred thousands digit of 4753724664?
7
What is the hundred thousands digit of 909494279?
4
What is the units digit of 45046290?
0
What is the thousands digit of 248777834?
7
What is the ten millions digit of 117571406?
1
What is the hundred thousands digit of 342658687?
6
What is the units digit of 508646402?
2
What is the units digit of 341391929?
9
What is the thousands digit of 40908640?
8
What is the thousands digit of 1446969056?
9
What is the billions digit of 3710790887?
3
What is the millions digit of 587025384?
7
What is the ten thousands digit of 964177535?
7
What is the ten thousands digit of 24878600?
7
What is the billions digit of 2421098222?
2
What is the hundreds digit of 40853552?
5
What is the units digit of 263295999?
9
What is the tens digit of 45469524?
2
What is the ten thousands digit of 387239313?
3
What is the hundred thousands digit of 14416126?
4
What is the millions digit of 994472026?
4
What is the millions digit of 223226352?
3
What is the hundreds digit of 93340902?
9
What is the ten thousands digit of 1412848087?
4
What is the hundred millions digit of 771404880?
7
What is the ten millions digit of 221046591?
2
What is the millions digit of 213460718?
3
What is the tens digit of 32508557?
5
What is the thousands digit of 945769?
5
What is the tens digit of 123458927?
2
What is the millions digit of 152439999?
2
What is the units digit of 8453259?
9
What is the thousands digit of 69076637?
6
What is the hundred thousands digit of 2714259846?
2
What is the units digit of 96212090?
0
What is the millions digit of 260141863?
0
What is the millions digit of 889468792?
9
What is the tens digit of 4022365426?
2
What is the tens digit of 57509130?
3
What is the millions digit of 127509713?
7
What is the millions digit of 1387105707?
7
What is the tens digit of 962705422?
2
What is the tens digit of 421818873?
7
What is the thousands digit of 1718518473?
8
What is the millions digit of 359433363?
9
What is the tens digit of 762061640?
4
What is the ten thousands digit of 710829206?
2
What is the ten millions digit of 70638112?
7
What is the hundred thousands digit of 129037036?
0
What is the hundred millions digit of 639831812?
6
What is the ten thousands digit of 77188589?
8
What is the units digit of 67350518?
8
What is the ten millions digit of 546941717?
4
What is the units digit of 1006594284?
4
What is the hundreds digit of 36201308?
3
What is the tens digit of 88234639?
3
What is the tens digit of 8267752?
5
What is the units digit of 43296335?
5
What is the hundred thousands digit of 3603660?
6
What is the units digit of 36509418?
8
What is the millions digit of 210538252?
0
What is the thousands digit of 268889864?
9
What is the tens digit of 47406612?
1
What is the thousands digit of 2069605873?
5
What is the millions digit of 653039054?
3
What is the units digit of 72337836?
6
What is the billions digit of 1506360697?
1
What is the hundred millions digit of 450444499?
4
What is the thousands digit of 57905796?
5
What is the tens digit of 114267320?
2
What is the millions digit of 55205590?
5
What is the ten millions digit of 154537030?
5
What is the ten thousands digit of 1650054593?
5
What is the hundred millions digit of 1070613369?
0
What is the units digit of 78888382?
2
What is the ten thousands digit of 140019413?
1
What is the ten millions digit of 1858066021?
5
What is the thousands digit of 127227161?
7
What is the units digit of 2167740?
0
What is the units digit of 14266026?
6
What is the hundred millions digit of 157743343?
1
What is the millions digit of 457644882?
7
What is the hundred thousands digit of 194109257?
1
What is the ten thousands digit of 2150761410?
6
What is the thousands digit of 54077252?
7
What is the tens digit of 1836731562?
6
What is the hundreds digit of 2546427688?
6
What is the millions digit of 658707967?
8
What is the units digit of 22193648?
8
What is the units digit of 539938023?
3
What is the thousands digit of 11449091?
9
What is the tens digit of 36957609?
0
What is the hundreds digit of 3376635?
6
What is the hundred thousands digit of 89189989?
1
What is the units digit of 3086557005?
5
What is the ten millions digit of 657776811?
5
What is the tens digit of 27074883?
8
What is the ten thousands digit of 121793039?
9
What is the ten millions digit of 334117112?
3
What is the ten thousands digit of 103679503?
7
What is the millions digit of 696716946?
6
What is the ten thousands digit of 47554925?
5
What is the thousands digit of 22010372?
0
What is the tens digit of 3622434458?
5
What is the millions digit of 39001815?
9
What is the millions digit of 3135916327?
5
What is the millions digit of 434985730?
4
What is the millions digit of 28054198?
8
What is the tens digit of 16306940?
4
What is the ten thousands digit of 1791514540?
1
What is the hundreds digit of 7059287?
2
What is the units digit of 2218315850?
0
What is the thousands digit of 952470418?
0
What is the ten thousands digit of 2660597097?
9
What is the ten millions digit of 524369366?
2
What is the ten millions digit of 37224606?
3
What is the tens digit of 3759410223?
2
What is the hundreds digit of 3460873347?
3
What is the billions digit of 1235478769?
1
What is the billions digit of 3090815771?
3
What is the hundred thousands digit of 779719697?
7
What is the ten millions digit of 1365324032?
6
What is the units digit of 1502150546?
6
What is the hundred thousands digit of 13644884?
6
What is the hundreds digit of 25527213?
2
What is the hundred thousands digit of 4282306062?
3
What is the ten thousands digit of 274682557?
8
What is the thousands digit of 13895665?
5
What is the ten millions digit of 1591962183?
9
What is the hundred thousands digit of 1444410622?
4
What is the hundred thousands digit of 423582574?
5
What is the hundred thousands digit of 611256684?
2
What is the ten thousands digit of 1040430690?
3
What is the tens digit of 523090906?
0
What is the units digit of 801991187?
7
What is the thousands digit of 1458416650?
6
What is the ten millions digit of 350586202?
5
What is the ten millions digit of 137023351?
3
What is the units digit of 698744392?
2
What is the hundreds digit of 1213925978?
9
What is the millions digit of 72577697?
2
What is the ten thousands digit of 94845093?
4
What is the units digit of 45174929?
9
What is the ten thousands digit of 918622458?
2
What is the tens digit of 16354731?
3
What is the ten millions digit of 489816262?
8
What is the units digit of 3785422074?
4
What is the hundred millions digit of 4380429956?
3
What is the ten millions digit of 11982057?
1
What is the hundreds digit of 2684547932?
9
What is the hundreds digit of 208981019?
0
What is the tens digit of 2055133126?
2
What is the tens digit of 408766939?
3
What is the ten millions digit of 2153831532?
5
What is the tens digit of 34204717?
1
What is the units digit of 236764628?
8
What is the hundreds digit of 84584374?
3
What is the hundred thousands digit of 180651311?
6
What is the thousands digit of 237115446?
5
What is the hundreds digit of 557306470?
4
What is the hundred thousands digit of 16237332?
2
What is the ten thousands digit of 28652557?
5
What is the tens digit of 926172331?
3
What is the hundreds digit of 2117443608?
6
What is the hundreds digit of 4552893853?
8
What is the hundred millions digit of 1090784809?
0
What is the tens digit of 1454688350?
5
What is the ten